 Is w composite?
False
Let w(l) = -382*l**3 + 4*l**2 - 3*l - 25. Is w(-4) a composite number?
False
Let r = -15 - -124. Let k = 198 - r. Let l = k + 534. Is l a prime number?
False
Let u(z) = 4*z**3 + 2*z**2 + 6*z + 9. Let c(m) = -21*m**3 - 9*m**2 - 30*m - 44. Let q(l) = -2*c(l) - 11*u(l). Is q(-4) a prime number?
False
Let j(c) = -c**3 - 3*c**2 - c - 3. Suppose -3*d + 5*q - 4 = 0, -1 = 4*d - 3*q + 8. Let f be j(d). Is ((-2667)/(-3) - f)*1 a prime number?
False
Let j(s) = -s**2 - 10*s - 3. Suppose -5*r + 8*r = -27. Let z be j(r). Suppose z*w - 213 = 1113. Is w a prime number?
False
Let j(o) = 27256*o + 647. Is j(11) composite?
False
Let w be (-8)/(-96) + (-49)/12. Let x(y) = 12*y**2 + 13*y - 19. Is x(w) prime?
False
Suppose -10 - 5 = -5*s. Suppose -s*n - g - g = -982, -5*g - 989 = -3*n. Suppose -m = 3*o - 0*m - 245, m = -4*o + n. Is o a composite number?
False
Let g be ((-1131)/9 + 1)*648/48. Let d = 1328 - g. Is d composite?
False
Is (-1 - (-6119)/(-2))*(702 + -704) a composite number?
False
Suppose 7*t = 9*t - 4*k + 1162, 5*k = 3*t + 1746. Is -2*t*(-2)/(-4) a prime number?
True
Let j(c) = 23024*c**2 - 5*c + 25. Is j(4) composite?
True
Let o(b) = 2858*b**2 - 58*b + 7. Is o(-3) composite?
False
Let s be 2 + 1 - (1 + (-3 - -1)). Suppose 0 = 4*b - 4*j + 8, 2 = -s*b + 2*j + 4. Suppose -2266 = -b*p + 4541. Is p prime?
True
Suppose 24 = -2*a + 2*l - 3*l, 36 = -4*a - 5*l. Is (-70)/a - (-8852 - 2 - 2) prime?
True
Suppose 96 = -5*c + c. Let f be ((c/(-4))/(-1))/1. Is (0 + 18 - -3)*(-898)/f composite?
True
Let c = 21 - 14. Let r(y) = 1382*y + 293. Is r(c) a composite number?
False
Suppose -298*l = -2*u - 302*l + 570402, u - 3*l = 285176. Is u prime?
True
Let u(q) = 630*q - 733. Is u(21) prime?
True
Let z be ((-2 - 0) + 7)*-2. Suppose -53 = -5*g + 154*m - 150*m, 3*m + 41 = 4*g. Is g/z*3/(9/(-6582)) a prime number?
True
Let g(h) = -301*h**3 + 5*h**2 - 17*h - 30. Is g(-7) a prime number?
True
Suppose -22*b - 26768 + 549236 = 14*b. Is b a composite number?
True
Suppose 0 = -17*y + 15*y - 2*c + 52734, -y = -4*c - 26377. Is y prime?
False
Is ((-5630786)/784)/(2/(-24))*2 a prime number?
False
Suppose 0 = -c, -w - 4*c - c = -6. Suppose 9708 + 4392 = w*b. Suppose -r + b = 195. Is r composite?
True
Let d(r) be the first derivative of 155*r**3/3 - 5*r**2 - 28*r + 15. Is d(-3) prime?
False
Let f(i) = i**3 + 22*i**2 + 16*i + 74. Let m be f(-14). Let l be (-42)/((-132)/140 - -1). Let y = l + m. Is y composite?
False
Suppose 3*o + f = 700767, 2*o + 4*f = 2*f + 467170. Is o composite?
False
Suppose 18*y - 12*y + 29334 = 0. Let c = -2643 - y. Is c a prime number?
False
Let r = -71 - -74. Suppose 9*k = 7*k + r*b + 14815, -3*k = -2*b - 22235. Is k prime?
False
Suppose 57*q - 50*q - 56 = 0. Suppose 0 = 2*k - 4*y - 6482, 0 = -3*k + q*k - 3*y - 16240. Is k composite?
False
Suppose 19*g - 17*g - 144 = 0. Let i = -67 + g. Suppose v = -i*y + 1051, 4*v - 8 = 6*v. Is y composite?
False
Is 3 + 0 - ((-60)/(-120) - (-74973)/(-2)) a prime number?
True
Let p(f) = f**3 - 3*f**2 + 11*f + 5. Let u be p(5). Suppose -67*g = -57*g - u. Is g prime?
True
Suppose -28005 = -4*n - n - 5*o, o = -5*n + 27985. Suppose -4*f = 4, 0 = 4*m - f - n - 1609. Is m prime?
True
Let r = 54449 - -54818. Is r prime?
True
Let s(u) = u**3 + 42*u**2 - 39*u - 24. Let o be s(-42). Suppose -2015 = -5*j + 3*a + 675, -3*j = 2*a - o. Is j a composite number?
True
Let d(o) = -611*o + 1194. Is d(-35) a prime number?
False
Suppose -16*u + 495226 + 147379 = -212387. Is u composite?
False
Suppose -26355 = 23*i - 38*i. Let d be ((-8)/6)/((-1)/6). Suppose -p = -d*p + i. Is p prime?
True
Let x = -49 + 49. Let p(q) = -8*q + 453. Let z be p(x). Let r = z + -230. Is r a prime number?
True
Let b be 4/(-6)*3/(-1). Suppose -2*t + 4*t - 2788 = b*g, -5*t = 4*g - 7015. Is t prime?
True
Suppose 0 = h + 1 - 4. Suppose 4*w = 4, -h*c = -3*w + 4*w - 100. Is c composite?
True
Is (5790/(-12))/5*(-52)/(0 + 2) a prime number?
False
Suppose -99*r - 737996 = -103*r + 4*i, -3*r - 4*i = -553497. Is r composite?
True
Let h = 3214 - 2154. Suppose h + 139 = 11*k. Is k prime?
True
Let l(b) = 236*b + 117. Let y = 270 - 238. Is l(y) a composite number?
False
Suppose 42*b - 4420792 - 2745542 = 0. Is b a composite number?
False
Let f(i) be the third derivative of i**7/84 - i**6/360 - i**5/15 - 16*i**2. Let x(p) be the third derivative of f(p). Is x(1) a prime number?
False
Suppose 0 = -10*a - 2 + 52. Suppose a*f = f + 3548. Is f composite?
False
Let t(o) = o**3 + 14*o**2 + 18*o - 3. Let m(x) = -5*x + 28. Let j be m(-6). Suppose -g - j = -48. Is t(g) composite?
True
Let m = 12277 - 9950. Is m a prime number?
False
Suppose -22*r + 2506156 = -1092934. Is r composite?
True
Let j(f) = -2*f**3 + 49*f**2 - 22*f - 17. Let l be j(24). Suppose -25*a = -l*a + 1218. Is a prime?
False
Suppose 2*w - 5470 = 7*w. Let n = -644 - w. Suppose 5*t - 679 - n = -3*h, -t - 744 = -2*h. Is h a composite number?
False
Is (-10)/(-2)*(14 - (-116166 - 21)) prime?
False
Suppose 0 = 4*n - g - 628773, 785967 = 5*n + 49*g - 51*g. Is n prime?
False
Let u(i) = 29*i**3 - 49 - 4*i**3 + 9*i + 29 + 5*i - 16*i**2. Is u(9) composite?
True
Let b be (-516)/(-108) + (-2)/(-9). Suppose 0 = -2*n + b*n - 3. Is (3 + (0 - n))*4365/30 a composite number?
True
Suppose 6*s + 2*s = 55808. Let t = 12567 - s. Is t composite?
False
Suppose -5*i = -5*x - 424820, 152*x - 149*x - 424844 = -5*i. Is i composite?
False
Suppose -188*w - 184*w = -120*w - 1946196. Is w a prime number?
True
Let l(y) = 1964*y**2 + 42*y - 115. Is l(14) a prime number?
True
Suppose 1113*c = 1101*c + 2803380. Is c a composite number?
True
Let v = 571 - 2934. Let c = -1146 - v. Is c a composite number?
False
Let u(q) = -6 - 3*q**2 + 11*q**2 - 2 - 2 + 3*q. Let n be (-74)/(-6) + 8/12. Is u(n) prime?
True
Is 88/(-66)*(-127369 - 2)/(40/130) a composite number?
True
Let i be 0 - (0/(-5) - 6336). Suppose a - 3*w - 2469 - 719 = 0, 2*w = -2*a + i. Is a a composite number?
True
Let a(l) = 2*l**3 + 7*l**2 - 9*l + 1. Let b be 13 + 2/(-4)*0 + 1. Let m be (4/5)/(b/105). Is a(m) a composite number?
False
Let c(t) = -t - 3*t - 4*t + 4*t - 17. Let d be c(-5). Suppose -2*b - z + 7893 = 0, d*b - 10545 = -z + 1297. Is b a prime number?
False
Let v(n) = 55*n**2 + 55*n - 2617. Is v(71) a prime number?
True
Suppose 4403030 = 4*n + 18*w - 20*w, -4403054 = -4*n - 6*w. Is n a composite number?
True
Let m(n) = 1236*n - 121. Let h be m(5). Let x = -2616 + h. Is x prime?
False
Suppose 13*c = 3*s + 10*c - 583311, 3*s - 583323 = c. Is s prime?
True
Let t(i) = -5*i + 4. Suppose 6*u - 10 = -4*u. Let d be t(u). Is d/(-3)*(815 - 4 - 4) prime?
True
Let h(w) = 63*w**3 - 11*w**2 + 4*w - 133. Is h(9) a composite number?
False
Suppose -1716563 = 5961*b - 5992*b. Is b a prime number?
True
Is -288 + 283 + -4697352*(45/12)/(-5) a prime number?
False
Suppose 0 = 3*v - 4*v + 1, 2*m - 3*v = -635. Let l = 9645 - m. Is l a prime number?
False
Let k = 392349 + -263692. Is k a composite number?
False
Let k be (8/3)/(6/9). Suppose -k*v - 20 = -8*v. Suppose -2*a - 88 = -2*o + 10, -v*o + 269 = a. Is o composite?
False
Is ((-130)/(-30) - 2/6)/(26/1379339) composite?
True
Let f = 4 + -1. Let r be -5 + (5 - (-2932 + -4)) + -3. Suppose 0 = 4*d + f*d - r. Is d a composite number?
False
Let b be (-4)/8 - 18/(-12). Is -3*(9/(81/(-570)) + b) composite?
True
Is 741720/(6 - 3) - -23 composite?
True
Suppose -16*g + 15*g = -5*y + 277339, 5*g - 166437 = -3*y. Is y a composite number?
False
Let m = -170 - -424. Suppose 3*t + 372 = 4*i - t, -2*t + m = 3*i. Suppose -o - 6 - i = -3*h, -o - 160 = -5*h. Is h prime?
False
Suppose -25189109 = -12*i - 49*i - 5448106. Is i prime?
True
Is 4218086/30 + 288/2160 prime?
True
Let u(a) = 8*a + 52. Suppose -5*y + 3*f = 21, 5*f + 7 = -3*y - 26. Let l be u(y). Is ((-134)/(-1))/(l/14) composite?
True
Let b = 39 - 42. Let p be 0 + -2 + 430 - b. Suppose 5*x + 3*h - 6977 = 0, 966 + p = x + h. Is x a prime number?
False
Let m(v) = -v**3 + 4*v**2 - 81*v - 461. Is m(-12) prime?
False
Let s(k) = -34*k**3 - 12*k**2 - 5*k - 6. Let d(x) = -x. Let z(i) = 2*d(i) + s(i). Let u be z(-12). Is u/66 - 8/44 prime?
False
Let o(a) be the second derivative of a**5/20 + 7*a**4/4 - 7*a**3/2 - 21*a**2 + 18*a. Is o(-20) composite?
True
Let r(o) = -o**2 + 5*o - 2. Let h be r(2). Suppose h*b + t - 